cond derivative of 5*x**4/4 - x**3/3 + x**2 - 3*x. Is t(3) a composite number?
False
Suppose 3*i - 4 - 2 = 0. Let t(h) = 45*h - 1. Is t(i) composite?
False
Suppose 2*m - 5 = -1. Suppose -m*v = -v - 5. Suppose 1 = -p - 0, v*l - 5*p = 340. Is l a composite number?
False
Let n(f) = -3*f**2 + 4*f**2 + 6 - f**3 - f**2 - 5*f**2 - 3*f. Is n(-5) prime?
False
Let x(z) be the first derivative of -z**4/4 + 5*z**3/3 - z**2/2 - z - 3. Is x(4) composite?
False
Let c = 15 - 5. Let b = 73 + c. Is b composite?
False
Let i(q) = -2*q**3 + q - 38. Let z(w) = 3*w**3 - 2*w + 76. Let s(c) = 5*i(c) + 3*z(c). Let g be s(0). Suppose g = -2*j + 4*j. Is j prime?
True
Let u be (0 + -3)*49/(-3). Let k = 209 + -137. Let g = k - u. Is g prime?
True
Suppose -4*l - 10 + 26 = 0. Let x(i) = 14*i**2 - 4*i - 3. Is x(l) a composite number?
True
Let f(i) = 20*i - 29. Is f(18) a prime number?
True
Let f(m) = 2*m**2 + 4*m - 7. Is f(-8) a prime number?
True
Is 15/(-10)*(-2230)/3 a prime number?
False
Let y = -41 + 95. Suppose 3*v - 15 = y. Is v a prime number?
True
Suppose -h - 45 = 4*h. Is (-6)/h + 86/6 a composite number?
True
Let n(y) = 18*y + 2. Let a(q) = -18*q - 1. Let s(h) = -3*a(h) - 4*n(h). Is s(-9) a composite number?
False
Let o = 3 + -1. Suppose 5*v + 20 = o*j, 0 = -3*v - 12. Suppose -x = p, -4*x + j*x + 21 = -3*p. Is x a composite number?
False
Let q be 2/1*-2 + 2. Let b(f) = -2*f**3 - f**2 - 3*f - 3. Is b(q) prime?
False
Let g(u) = 3*u**2 + 4*u + 4. Let z be 4/(-18) + 215/(-45). Is g(z) composite?
False
Let d be (5/2)/((-3)/(-6)). Let l = 29 - -61. Let t = d + l. Is t prime?
False
Suppose -3434 = 5*k - 27259. Is k a composite number?
True
Let r = -265 + 442. Suppose 24*z - 23*z = r. Is z prime?
False
Let m(q) = q - 6. Let w be m(11). Suppose y = -5*u + 253, -5*u = w*y + 242 - 1547. Is y composite?
False
Suppose -3*q = -1 - 2. Let t = 54 - q. Is t prime?
True
Suppose -3*p + 4*p = d - 106, 5*d - 545 = 2*p. Is d a composite number?
True
Let p(l) = 3*l**3 + 2*l**2 - l + 1. Let u(q) = 2*q**3 + q**2 + 2. Let k(z) = 3*p(z) - 4*u(z). Is k(5) prime?
False
Suppose 0 = 3*i - 2*g + 35, -i - 8 = -2*g + 1. Let u = 1 - 1. Is -2 + 0 + (u - i) composite?
False
Let i(y) be the third derivative of -5*y**6/8 - y**5/60 + y**2. Is i(-1) a composite number?
True
Let f = 371 + 76. Is f prime?
False
Suppose 0 = 2*r + r + 1332. Let i = r + 622. Is (-6 - -3)*i/(-6) a prime number?
True
Let t(h) = h + 14. Let y be t(-10). Suppose 196 = 4*q - 3*m + 4*m, 3*q = y*m + 147. Is q a composite number?
True
Is -2*(-3)/((-18)/(-255)) a composite number?
True
Let r be (-13)/(-3) + 4/(-12). Let b(l) = -l - 1. Let w be b(-6). Suppose w*s = -4*a + 121 + 378, 4*s + 472 = r*a. Is a a prime number?
False
Let f(v) = 6*v**2 - 23*v + 5. Is f(-6) composite?
False
Suppose -14 = -2*j - 4. Suppose 0 = 3*f - 5*x - 101, j*x = 4*f - 9*f + 195. Is f a composite number?
False
Let z(b) be the second derivative of -b**4/12 + 2*b**3/3 + 5*b**2/2 + 3*b. Let h be z(5). Suppose -o - j + 75 = -h*j, -2*o = -2*j - 166. Is o a prime number?
True
Suppose 0 = 4*f - 5*z - 1077, -5*f = -5*z + 3*z - 1325. Is f composite?
False
Let w(q) = 24*q**2 - 3*q. Let u be w(4). Suppose 2*g - u - 466 = 0. Is g a prime number?
True
Is ((-1)/(-2))/((-1)/(-22)) composite?
False
Suppose 0 = 3*p - 5*u - 13, 33 = 5*p - 0*u + 3*u. Suppose -4*v + 3*o + 380 = 0, -p*v + 475 = -v - o. Is v prime?
False
Suppose 0 = -r + 3*k + 145, 0 = 5*r + 6*k - k - 805. Is r composite?
False
Let l = -8 - -11. Is l a prime number?
True
Suppose 2*r + t = -2*t + 255, 5*t + 15 = 0. Let u(w) = -w**3 - 8*w**2 + 11*w - 7. Let c be u(-10). Let m = r - c. Is m a composite number?
True
Let h(t) = -t**2 + 8*t + 8. Let y be h(4). Let g be 2/3 + (-2)/(-6). Let q = g + y. Is q composite?
True
Suppose 16 = 5*t + 3*b, t = -3*b + 2*b + 4. Suppose 0 = 2*i + 5*x + 28, 0 = -t*i - i - 5*x - 37. Is (-560)/i - (-12)/(-54) composite?
True
Suppose -u + 544 = 3*u. Let m be (-38)/(-10) - 5/(-25). Suppose u = 4*b + m*p, -5*p = -p + 4. Is b a prime number?
False
Let x(p) = 28*p + 3. Let q(t) be the second derivative of -9*t**3/2 - t**2 - t. Let k(n) = 4*q(n) + 3*x(n). Is k(-2) prime?
False
Let k be -1*(-3 + 4)*-40. Let u = 47 + k. Is u prime?
False
Let r = 46 + -28. Let d be (-10)/(-3)*r/12. Suppose 4*k = -4*j - 0*k + 80, 0 = d*j + 4*k - 105. Is j composite?
True
Let m = 44 - 20. Let z = m - -5. Let g = z - 19. Is g a prime number?
False
Let n = -10 + 14. Suppose 0 = -n*u + 5*u - 672. Suppose 0*q - 166 = -q + x, -4*x = 4*q - u. Is q a composite number?
False
Let u(f) = 6*f**3 + 15*f**2 + 15*f. Let g(s) = -7*s**3 - 14*s**2 - 16*s - 1. Let x(j) = 5*g(j) + 6*u(j). Is x(-8) prime?
True
Is -3*(-5094)/16 + 2/(-16) a prime number?
False
Let k be (-1635)/(-4) + 1/4. Suppose -5*r - 166 = k. Let m = r + 192. Is m prime?
False
Let l = -5 + 5. Suppose l - 5 = -u. Suppose -u*t + 8*r + 175 = 4*r, -3*r - 141 = -4*t. Is t prime?
False
Let m(w) = -w**2 - 6*w - 5. Let n be m(-4). Suppose 175 = n*y + 2*y. Is y a prime number?
False
Suppose -3*z = -0*h - 4*h + 36, z - 20 = -4*h. Suppose y = -0*y - h. Is ((-38)/4)/(3/y) a composite number?
False
Is 1/(-7) + (-607512)/(-119) composite?
True
Let z = 13 - -5. Let s be (1/(-2))/(3/z). Is (-6)/s*(-74)/(-4) prime?
True
Let b = 2747 + -1534. Is b a composite number?
False
Let w(t) = 5*t**2 - 10*t + 12. Is w(7) prime?
False
Suppose -5 = 5*a, 3*a = d - 4*d + 360. Is d a composite number?
True
Let g(f) = -7*f**3 - 2*f**2 - 3*f - 3. Let l(x) = -x**3 - 5*x**2 + 7*x + 4. Let u be l(-6). Is g(u) a composite number?
True
Let d(y) = y**3 + 4*y**2 - 5*y + 2. Let f be d(-5). Suppose -7*g + 2*g - f*b + 255 = 0, b = 3*g - 142. Is g composite?
True
Let y(l) be the first derivative of -2*l**3 + l**2 - l - 1. Let n be y(1). Let k(t) = 2*t**2 + 3*t + 3. Is k(n) a prime number?
False
Let y(o) = 81*o + 6. Let i be y(5). Suppose 0 = -4*q - i + 1175. Is q a prime number?
True
Let x(k) = 2*k**2 + 3*k - 2. Suppose -5*n = j + j + 17, 5*n + 33 = 2*j. Let z be x(j). Is (-4)/14 + 2322/z prime?
False
Let u be 3/(-4) - (-9)/(-4). Let b = 56 - u. Is b composite?
False
Suppose 3*j = 5 + 7. Suppose -2*h + 28 = -j*c, -c + 3 = 2*h - 5. Is h a composite number?
True
Suppose 0 = f - 0*f + 3. Is 11*(f/1)/(-3) a composite number?
False
Let c = 0 + -2. Let d be 2*c + -1 + 3. Is 38 - (1 + (-4 - d)) a prime number?
False
Is (-330)/(-9) + 1/3 a prime number?
True
Let n(t) = -1. Let l(g) = 13*g - 2. Let y(k) = -l(k) + 4*n(k). Let x be -5 - (-3)/((-6)/(-4)). Is y(x) prime?
True
Suppose 5*s - 14 = 1. Suppose -j - n = -112 - 45, -5*j + s*n = -817. Is j prime?
False
Let i(y) = y**2 - 3. Let v be i(-4). Let p = 32 - v. Is p a composite number?
False
Let y be (-53)/(-4) + (-5)/20. Suppose -l + 8 = j, -3*l - 2*j + y = -2*l. Suppose 16 = f - l. Is f composite?
False
Let j(b) = -3*b**2 + 9*b + 9. Let x be j(8). Let h = -34 - x. Is h composite?
True
Let v = 17 + -10. Let m(b) = 16*b + 7. Is m(v) a composite number?
True
Is (-50250)/(-21) - (-1)/7 a composite number?
False
Let a be 0/(-1) + 0 - -3. Suppose 2*q + a*q - 2*b = 8, -2*q + b = -3. Suppose q*t - 45 = -5*h + 2*h, -58 = -3*t + 5*h. Is t composite?
True
Is (-2)/12 + 2983/6 + 2 a prime number?
True
Suppose -r - 4*r + 35 = 0. Let t be (-2)/((3 - r) + 3). Suppose v = t*c - 11, -2*v + 0 = 2*c + 4. Is c prime?
True
Let w(k) be the second derivative of -3/2*k**2 + 8/3*k**3 + 0 + 2*k. Is w(6) composite?
True
Let v = 4500 + -1982. Is v prime?
False
Let a(i) = 4*i**2 + 1. Let n be a(1). Suppose -76 = j - n*j. Is j composite?
False
Suppose -3*a = -8*a. Let n(m) = m**3 - m**2 + 223. Is n(a) prime?
True
Let u(m) = 7*m + 9. Let i be u(4). Suppose -4*g + l - 191 = -7*g, g - 5*l = i. Is g a prime number?
False
Let v(k) = k**3 - 4*k**2 + 2. Let p be 33/9 + (-3)/(-9). Let x be v(p). Suppose -4*d + 8 = 0, 4*f + d = x*f + 48. Is f a composite number?
False
Is ((-5)/(-20))/((-1)/(-3748)) prime?
True
Let i = -32 + 31. Suppose -4*s + 7 = 3*h, -h + 2*s = 3*h + 20. Is (i/(-2))/(h/(-582)) composite?
False
Let v(b) = -b. Let o = 5 - 10. Let t be v(o). Suppose 0 = -t*k + 27 + 28. Is k a composite number?
False
Let f(u) = 93*u**2 - u. Let l be f(3). Suppose -2*x + 128 = -l. Is x a composite number?
True
Let s = 10 + -1. Suppose 4*r + 95 = s*r. Is r prime?
True
Let m = -16 + 281. Is m composite?
True
Is (1